-104?
302
In base 6, what is -321240 + 2?
-321234
In base 7, what is 41562 + 16?
41611
In base 7, what is -51 + 50465?
50414
In base 4, what is 1312302 - 11?
1312231
In base 15, what is -e74 - 2?
-e76
In base 14, what is 369 - -a8?
433
In base 14, what is -3 - 20c7c?
-20c81
In base 16, what is 7245 - -1b?
7260
In base 7, what is -2405 - 140?
-2545
In base 14, what is -294 - 128?
-3bc
In base 3, what is 102001022 + 1010?
102002102
In base 6, what is 55 + 11014?
11113
In base 14, what is 3 - 17ca9d?
-17ca9a
In base 16, what is -dc4a + -5?
-dc4f
In base 7, what is -30 - 133651?
-134011
In base 2, what is -1011111 - -110000111010?
101111011011
In base 2, what is -110100110011101010 + -11?
-110100110011101101
In base 11, what is -1984 + 909?
-1076
In base 8, what is 2 - -111744?
111746
In base 10, what is -1 + 108494?
108493
In base 11, what is 3 - -60609?
60611
In base 3, what is -2 - 20212002112?
-20212002121
In base 7, what is 455 + -244?
211
In base 12, what is 20 + 4009?
4029
In base 5, what is 110200 - -2?
110202
In base 5, what is 4 - -2033034?
2033043
In base 8, what is -664616 + 4?
-664612
In base 7, what is 33 - -103263?
103326
In base 8, what is 0 - 25046?
-25046
In base 2, what is 11000110011110101 + -11?
11000110011110010
In base 5, what is -301102 + -10?
-301112
In base 8, what is -1 + -433?
-434
In base 6, what is 124 + -240000?
-235432
In base 8, what is -14 + 3771?
3755
In base 9, what is -516 - -7141?
6524
In base 15, what is -13 - c02b?
-c03e
In base 5, what is -12243 + 14?
-12224
In base 11, what is 199653 + 8?
199660
In base 11, what is 82815 - 6?
8280a
In base 10, what is 342 - 32?
310
In base 6, what is 21041 + -11?
21030
In base 15, what is 4a9 + 53?
50c
In base 7, what is 0 + 265311?
265311
In base 7, what is -32 - 103?
-135
In base 13, what is -129 - -3155?
3029
In base 4, what is -101002 + 13320?
-21022
In base 4, what is -131 - 23210?
-30001
In base 16, what is 3 + 5cee?
5cf1
In base 16, what is 3a + 4a?
84
In base 13, what is 166 - 393?
-22a
In base 12, what is -8b4a1 + -1?
-8b4a2
In base 16, what is -583 + 5?
-57e
In base 9, what is 124801 + 7?
124808
In base 11, what is -8239 + 1?
-8238
In base 6, what is -223451 - 4?
-223455
In base 14, what is -4 - -138a?
1386
In base 6, what is -1453544 - 1?
-1453545
In base 8, what is 6 + -722127?
-722121
In base 4, what is 10112 + 331113?
1001231
In base 13, what is 8b + 15?
a3
In base 2, what is -10101010 + 11001011010?
10110110000
In base 7, what is 102351 - 132?
102216
In base 6, what is 1104021 - -10?
1104031
In base 5, what is -4 - -1040?
1031
In base 13, what is -17 - -249?
232
In base 7, what is 1351 + 100?
1451
In base 13, what is -1 + 9389?
9388
In base 14, what is -a7392 + 2?
-a7390
In base 15, what is -4e24 - b0?
-4ed4
In base 4, what is 1 + -321003331?
-321003330
In base 3, what is -211221111 - -2?
-211221102
In base 4, what is 21 + 22200212?
22200233
In base 4, what is -2 - -101102121?
101102113
In base 4, what is -30202 - -3132?
-21010
In base 5, what is 0 + 20431104?
20431104
In base 3, what is -22010221 + 12110?
-21221111
In base 12, what is -8977 - -2?
-8975
In base 9, what is -472623 - -3?
-472620
In base 6, what is 1141011 + -3?
1141004
In base 15, what is -7 - a2e?
-a36
In base 15, what is -d45 - 56?
-d9b
In base 15, what is 13039 - -5?
1303e
In base 5, what is 142 + -243?
-101
In base 9, what is -221006 + 2?
-221004
In base 4, what is -2130100 + -12?
-2130112
In base 10, what is -38 + -20726?
-20764
In base 2, what is 110111010010001 - 1?
110111010010000
In base 12, what is 2 + a005?
a007
In base 6, what is 4 - -524341?
524345
In base 6, what is 254 + -452?
-154
In base 10, what is 0 + -18802?
-18802
In base 16, what is 18 - -26?
3e
In base 7, what is -650543 - -4?
-650536
In base 11, what is 227841 - -5?
227846
In base 4, what is -231321 - 22?
-232003
In base 13, what is 41 + abb?
b2c
In base 10, what is 3 - -414011?
414014
In base 7, what is 233 + 4460?
5023
In base 11, what is 4 - 7938?
-7934
In base 15, what is 377e6 - 4?
377e2
In base 3, what is -1112 - -1122112?
1121000
In base 2, what is 11011 + -10000111010011011?
-10000111010000000
In base 5, what is -431 + 34333?
33402
In base 6, what is 115241 - 50?
115151
In base 13, what is -3 + -2a0b?
-2a11
In base 15, what is 132 + -671?
-53e
In base 4, what is -31023 + -123111?
-220200
In base 14, what is -1a0d - 12?
-1a21
In base 13, what is -2b4a + 17a?
-29a0
In base 14, what is 580 - 177?
407
In base 3, what is -1100 + -120112022?
-120120122
In base 4, what is -11 + -1103210?
-1103221
In base 12, what is -66 + -328?
-392
In base 5, what is -12032222 + -124?
-12032401
In base 5, what is -30300 - -31?
-30214
In base 9, what is 4208 + 38?
4247
In base 5, what is 1242423 + 31?
1243004
In base 7, what is 15 + 36442?
36460
In base 15, what is 140c61 - -1?
140c62
In base 8, what is -4275650 - 3?
-4275653
In base 3, what is -21112 + -1021002?
-1112121
In base 8, what is -33035 - -56?
-32757
In base 12, what is 4 - bb95?
-bb91
In base 15, what is -2e26 - 10?
-2e36
In base 5, what is -1331340 - -12?
-1331323
In base 10, what is 1615 + -19?
1596
In base 3, what is 20210 - 20201?
2
In base 3, what is 10 - -20201020?
20201100
In base 2, what is 101010011101010110 + -100?
101010011101010010
In base 14, what is 0 - -100b2?
100b2
In base 14, what is 70970 - -7?
70977
In base 10, what is -6 + -6722?
-6728
In base 10, what is -2 - -3129?
3127
In base 9, what is 40 + -1220?
-1170
In base 4, what is -23302121 + 0?
-23302121
In base 10, what is 2 - 9393?
-9391
In base 8, what is -1642 + -1616?
-3460
In base 11, what is 1 - 52a07?
-52a06
In base 4, what is -102 + -133232?
-200000
In base 9, what is 438 - 1245?
-706
In base 6, what is -23 + -23203?
-23230
In base 12, what is -a92ba + -18?
-a9316
In base 11, what is -170a517 - -3?
-170a514
In base 7, what is -5 + -114035?
-114043
In base 12, what is -32 - -688?
656
In base 8, what is 15211 - 55?
15134
In base 15, what is 489a + -50?
484a
In base 16, what is 1 - f64?
-f63
In base 8, what is -1717 + -73?
-2012
In base 15, what is -ca - 1a9?
-284
In base 13, what is 9c - 136?
-67
In base 13, what is 1 + -307c?
-307b
In base 5, what is 12004 + -2342?
4112
In base 9, what is -4 - -115363?
115358
In base 5, what is 1 + -403224223?
-403224222
In base 11, what is 1991 + 5?
1996
In base 14, what is -2 - -7143?
7141
In base 15, what is 94 + aa6?
b4a
In base 5, what is -234310 - -2?
-234303
In base 10, what is -4 - -42943?
42939
In base 9, what is 80 + 448?
538
In base 13, what is 65 - -14a?
1b2
In base 5, what is -11 + -303222?
-303233
In base 2, what is -110001110110100 - -1001110?
-110001101100110
In base 12, what is 57 - 1774?
-1719
In base 9, what is 3 - 540387?
-540384
In base 10, what is 2777 - 1?
2776
In base 15, what is -b + 6a81?
6a75
In base 8, what is -340656 - -2?
-340654
In base 7, what is 123642 + 0?
123642
In base 6, what is 1 - 442?
-441
In base 3, what is 102201 - -121022?
1001000
In base 2, what is -11110001 - 10010000000?
-10101110001
In base 5, what is 2 + -201420?
-201413
In base 5, what is 3043 + 11?
3104
In base 3, what is 1010011110 - 21?
1010011012
In base 12, what is 9a36 + -2?
9a34
In base 8, what is 43635 + -65?
43550
In base 13, what is -158bcc7 - -4?
-158bcc3
In base 15, what is 89 - 4d7?
-44d
In base 5, what is -10122 + -2241?
-12413
In base 3, what is 1 - 102020001000?
-102020000222
In base 8, what is 3 + 331235?
331240
In base 6, what is -102141 + -4?
-102145
In base 6, what is 53553 - 2?
53551
In base 12, what is -27568 - 2?
-2756a
In base 12, what is 7 + -9b07?
-9b00
In base 8, what is 17014 - 72?
16722
In base 4, what is -12311 - 33313?
-112230
In base 10, what is 4241 - -2?
4243
In base 3, what is -10111 + 102010122?
102000011
In base 13, what is a + -117bc?
-117b2
In base 10, what is -447307 - -4?
-447303
In base 10, what is 0 + 111488?
111488
In base 2, what is 11011010001111 + -1001?
11011010000110
In base 13, what is -2 + -39758?
-3975a
In base 5, what is 4 - -11214?
11223
In base 16, what is 5f + 1889?
18e8
In base 9, what is 758604 + -2?
758602
In base 16, what is 23a06 + -4?
23a02
In base 3, what is -2111 + 101200000?
101120112
In base 5, what is 4002 - 214?
3233
In base 7, what is 122451 - -231?
123012
In base 15, what is a3e - -202?
c41
In 